. What is p(12)?
63
Let j(l) = -10*l - 216. Calculate j(-12).
-96
Let d(a) = -3*a**3 - 25*a**2 - 5*a + 1. Calculate d(-8).
-23
Let l(w) = -58*w**2 - 290*w - 7. Calculate l(-5).
-7
Let h(y) = -y**3 + 27*y**2 + 50*y - 86. Determine h(29).
-318
Let r(t) = 68*t - 1987. Calculate r(29).
-15
Let u(c) = -34*c + 764. What is u(27)?
-154
Let o(u) = -2*u**3 + 8*u**2 - 4*u + 23. What is o(4)?
7
Let o(g) = g**2 - 1756*g + 5268. Determine o(3).
9
Let k(b) = -16*b + 1. Give k(-7).
113
Let n(f) = 33*f**3 - 789*f**2 - 76*f + 101. Determine n(24).
5
Let d(k) = k**2 + 47*k + 797. Give d(-38).
455
Let q(f) = -f**2 - 2*f + 50. Calculate q(4).
26
Let t(r) = 18*r**2 + 98*r + 88. What is t(-4)?
-16
Let k(r) = 11*r - 10. Calculate k(8).
78
Let n(q) = q**2 - 59*q + 338. Calculate n(7).
-26
Let o(r) = -r**3 + 41*r**2 + 1648*r + 52. Calculate o(-25).
102
Let p(d) = -2*d**3 - 22*d**2 + 36*d + 365. Calculate p(-11).
-31
Let l(u) = 6*u**3 - 3*u**2 - 10*u - 11. What is l(-2)?
-51
Let t(f) = 768*f - 2513. Give t(3).
-209
Let i(y) = y**3 + 6*y**2 - 58*y - 194. Calculate i(-10).
-14
Let h(y) = y**3 - 13*y**2 + 6*y - 80. Determine h(13).
-2
Let g(s) = s**2 - 36*s - 1086. Give g(-19).
-41
Let n(i) = i**3 - 15*i**2 - 53*i + 44. Calculate n(18).
62
Let q(m) = 2*m**2 + 194*m + 2716. What is q(-17)?
-4
Let v(r) = r**3 + 46*r**2 - 490*r + 111. Give v(-55).
-164
Let l(o) = -o**3 - 14*o**2 + 7*o + 339. Give l(-12).
-33
Let c(f) = 39*f - 1220. Determine c(31).
-11
Let o(v) = 7*v**3 + 5*v**2 + 15*v + 12. Give o(-1).
-5
Let k(i) = -16*i + 46. Calculate k(-7).
158
Let j(h) = h**2 + 103*h - 883. Give j(-111).
5
Let r(g) = -g**3 - 18*g**2 + 2*g + 12. Determine r(-8).
-644
Let r(w) = -w**3 + 28*w**2 - 133*w + 55. Determine r(22).
33
Let a(y) = 5*y - 7. Determine a(-7).
-42
Let x(b) = -b**3 - 22*b**2 + 32*b + 24. What is x(2)?
-8
Let x(q) = 395*q - 2763. Determine x(7).
2
Let o(s) = -s**3 + 53*s**2 - 149*s - 97. What is o(50)?
-47
Let z(o) = -68*o - 554. Give z(-8).
-10
Let h(w) = -98*w + 1215. Calculate h(12).
39
Let i(p) = -p**2 - 20*p - 35. Give i(-19).
-16
Let v(j) = -j**3 - 9*j**2 + 5*j - 6. What is v(-12)?
366
Let s(m) = -m**2 - 23*m - 173. Determine s(-19).
-97
Let u(s) = -s**2 + 33*s + 2905. Calculate u(73).
-15
Let k(u) = -u**3 - 14*u**2 + 136*u + 313. What is k(-20)?
-7
Let i(s) = 7*s**2 - 116*s - 115. Determine i(-1).
8
Let t(z) = 789*z - 3950. Determine t(5).
-5
Let t(p) = 513*p + 1032. Give t(-2).
6
Let l(t) = -188*t + 4874. Calculate l(26).
-14
Let i(a) = -45*a + 300. Calculate i(8).
-60
Let r(s) = -2*s**2 - 152*s - 2593. Determine r(-26).
7
Let k(q) = 6*q - 38. Give k(-2).
-50
Let b(f) = -10*f**2 - 13. Determine b(-4).
-173
Let y(f) = -f - 243. Determine y(-32).
-211
Let x(t) = -t**2 - 72*t - 960. Determine x(-49).
167
Let q(y) = -4*y**2 - 4*y + 6. What is q(-7)?
-162
Let d(j) = 3*j**3 - 4*j**2 + 2*j + 2. Determine d(-3).
-121
Let o(q) = -q**3 + 69*q**2 + 223*q + 25. What is o(-3)?
4
Let n(i) = -4*i**2 + 42*i - 8. Calculate n(6).
100
Let d(c) = -36*c + 1038. Calculate d(30).
-42
Let n(y) = -9*y**3 + 451*y**2 - 43*y - 350. What is n(50)?
0
Let v(a) = 3041*a + 200709. Give v(-66).
3
Let j(k) = -k**3 - 3*k - 201. Calculate j(0).
-201
Let i(q) = -q**2 - 121*q - 703. Calculate i(-6).
-13
Let i(k) = -122*k - 2798. What is i(-23)?
8
Let l(o) = -o**3 + 13*o**2 - 33*o + 47. Determine l(10).
17
Let t(d) = 755*d**2 - 1505*d + 11. Give t(2).
21
Let l(u) = 4*u + 27. Calculate l(-52).
-181
Let u(q) = q**3 - 9*q**2 - 20*q + 156. Give u(7).
-82
Let q(c) = -173*c**2 + 335*c - 3. Give q(2).
-25
Let k(p) = -p**2 - 107*p - 611. What is k(-101)?
-5
Let b(y) = -227*y**2 - 5447*y + 21. Give b(-24).
-3
Let x(y) = -y**3 - y**2 + 28*y + 16. Give x(-6).
28
Let z(a) = 43*a + 852. What is z(-20)?
-8
Let k(z) = -z**2 + 30*z + 3161. Determine k(73).
22
Let n(r) = -1039*r - 14537. Give n(-14).
9
Let f(a) = -a**3 + 6*a**2 + 19*a + 3. Determine f(-3).
27
Let m(x) = -7*x**2 + 441*x - 3986. What is m(11)?
18
Let z(t) = t**2 - 31*t + 206. Give z(10).
-4
Let b(r) = 3*r**2 - 35*r - 29. What is b(13)?
23
Let q(w) = w**2 - 1470*w - 7391. Give q(-5).
-16
Let u(f) = -f**3 + 4*f**2 - 12*f - 32. Calculate u(-7).
591
Let a(z) = 13*z**2 - 152*z - 46. Determine a(12).
2
Let l(p) = 3*p**3 - 19*p**2 + 15. Give l(6).
-21
Let i(c) = -22*c**2 - 957*c - 473. Calculate i(-43).
0
Let c(x) = 387*x - 4811. Determine c(13).
220
Let p(s) = 9*s**3 + 19*s**2 - 7*s + 16. Calculate p(-3).
-35
Let g(d) = -d**3 + 43*d**2 - 5*d + 242. Calculate g(43).
27
Let y(z) = z**3 - 6*z**2 - 85*z + 536. What is y(10)?
86
Let d(l) = 11139*l - 55704. Calculate d(5).
-9
Let u(l) = l**2 + 200*l + 1763. Determine u(-9).
44
Let a(x) = -x**3 - 18*x**2 + 30*x - 14. Calculate a(1).
-3
Let c(m) = -m**3 - 26*m**2 + 150*m - 1301. Determine c(-32).
43
Let z(j) = 214*j + 2. Determine z(0).
2
Let v(c) = -209*c - 124. Determine v(-1).
85
Let m(q) = -6*q**3 - 9*q**2 - 31*q + 5. What is m(-3)?
179
Let o(n) = 14*n + 115. Calculate o(-5).
45
Let g(m) = 37275*m - 111828. What is g(3)?
-3
Let l(k) = -k**3 + 7*k**2 + 24*k + 4. Give l(-2).
-8
Let o(f) = 321*f - 1936. What is o(6)?
-10
Let x(g) = -198*g - 16999. Calculate x(-86).
29
Let f(h) = h**3 - 3*h**2 - 88*h. What is f(11)?
0
Let j(b) = b**3 + 71*b**2 - 211*b + 820. What is j(-74)?
6
Let n(c) = -85*c - 1942. Calculate n(-24).
98
Let o(m) = -2*m**2 - 102*m - 116. Determine o(-48).
172
Let t(z) = -6*z**2 + 170*z + 541. Calculate t(-3).
-23
Let a(y) = 115*y + 36. Give a(-2).
-194
Let x(l) = 7*l**2 + 5*l - 498. Calculate x(8).
-10
Let f(h) = -h**2 + 278*h - 7002. Give f(250).
-2
Let v(p) = 2*p**2 + 45*p + 55. Give v(-21).
-8
Let w(o) = o**2 + 7*o - 11. What is w(-8)?
-3
Let n(y) = -4*y**3 - 134*y**2 - 180*y - 3757. What is n(-33)?
5
Let m(q) = -45*q - 90. Determine m(-4).
90
Let b(u) = -u**3 + 4*u**2 - 9*u + 64. Calculate b(5).
-6
Let l(a) = -2*a**2 - 20*a - 2. Calculate l(-6).
46
Let y(q) = 3*q**3 - 18*q**2 + 13*q + 14. What is y(5)?
4
Let n(o) = -71*o - 7391. Determine n(-105).
64
Let f(g) = 11*g**3 + 2*g**2 + 10*g + 18. Determine f(-2).
-82
Let q(g) = -4307*g + 30146. What is q(7)?
-3
Let t(n) = -2*n**3 + 38*n**2 + 39*n + 15. What is t(20)?
-5
Let h(u) = 26*u - 412. Determine h(12).
-100
Let z(q) = 7370*q + 29464. What is z(-4)?
-16
Let y(m) = -19*m + 150. What is y(7)?
17
Let v(y) = 50*y + 4357. What is v(-87)?
7
Let u(q) = -q**2 + 16*q + 126. Determine u(23).
-35
Let r(q) = -2*q**3 - 230*q + 743. What is r(3)?
-1
Let w(z) = z**3 - 22*z**2 - 50*z + 231. What is w(24)?
183
Let o(m) = 2*m**2 - 6126*m - 3. Determine o(0).
-3
Let n(y) = y**2 + 155*y + 4945. Give n(-45).
-5
Let v(b) = -131*b + 1250. Determine v(9).
71
Let g(l) = -135*l**3 + 7*l**2 - 5*l + 3. Calculate g(1).
-130
Let o(u) = -u**2 + 17*u + 91. Calculate o(21).
7
Let y(b) = 2*b**2 + 47*b + 13. Determine y(-23).
-10
Let i(o) = 672*o + 16802. Calculate i(-25).
2
Let d(c) = -2*c**2 - 6*c + 6. Determine d(3).
-30
Let x(g) = -g**2 + 4*g + 37. What is x(7)?
16
Let y(j) = -130*j - 3548. Determine y(-26).
-168
Let d(c) = 2*c**2 - 878*c + 6039. What is d(7)?
-9
Let n(c) = -c**3 - 5*c**2 - 2*c - 31. Determine n(-5).
-21
Let i(x) = 149*x + 11424. Determine i(-77).
-49
Let i(d) = 3*d**2 + 29*d + 108. What is i(-8)?
68
Let a(z) = -39*z**3 - 2*z**2 + 3*z - 5. Calculate a(2).
-319
Let v(j) = 25*j**2 + 4*j - 11. Give v(1).
18
Let o(f) = -3*f**2 - 27*f - 1. Calculate o(0).
-1
Let v(n) = -67*n**3 - n**2 - 11*n + 13. Give v(1).
-66
Let h(f) = f**3 - 31*f**2 + 64*f + 560. Determine h(28).
0
Let m(q) = 7*q + 176. Determine m(-29).
-27
Let o(y) = -4*y**2 - 18*y + 8. Give o(-5).
-2
Let l(f) = 2*f**2 + 38*f - 12. Calculate l(-21).
72
Let r(u) = -u**3 - 5*u**2 - 155*u - 1180. What is r(-7)?
3
Let j(s) = s**3 - 39*s**2 - 737*s - 230. What is j(53)?
35
Let k(x) = 1029*x - 1031. What is k(1)?
-2
Let a(r) = -r + 7. What is a(10)?
-3
Let v(p) = -2*p**3 - 64*p**2 + 2*p + 46. Give v(-32).
-18
Let k(l) = -7*l**2 - 64*l + 20. What is k(-6)?
152
Let j(p) = 2978*p + 20793. Determine j(-7).
-53
Let u(i) = i**2 - 5*i - 174. Determine u(-11).
2
Let k(q) = -752*q + 192511. Calculate k(256).
-1
Let p(z) = -3*z**2 + 269*z - 3657. Give p(73).
-7
Let o(v) = -19*v - 310. Calculate o(-16).
-6
Let u(v) = -v**2 - 623*v + 3131. Determine u(5).
-9
Let k(h) = -733*h + 11731. Give k(16).
3
Let d(x) = -x**2 + 17